491, 27143
What are the prime factors of 355375?
5, 2843
What are the prime factors of 2589174?
2, 3, 7, 20549
List the prime factors of 776580.
2, 3, 5, 7, 43
List the prime factors of 2927123.
2927123
List the prime factors of 44070.
2, 3, 5, 13, 113
What are the prime factors of 36013110?
2, 3, 5, 7, 171491
List the prime factors of 1349640.
2, 3, 5, 23, 163
What are the prime factors of 4611?
3, 29, 53
List the prime factors of 14734465.
5, 29, 307, 331
What are the prime factors of 13259069?
13259069
What are the prime factors of 266198?
2, 167, 797
What are the prime factors of 632168?
2, 19, 4159
List the prime factors of 8901540.
2, 3, 5, 17, 2909
List the prime factors of 7082169.
3, 2360723
What are the prime factors of 3358866?
2, 3, 7, 79973
List the prime factors of 879642.
2, 3, 48869
What are the prime factors of 749393?
749393
What are the prime factors of 1813324?
2, 109, 4159
What are the prime factors of 134235?
3, 5, 19, 157
What are the prime factors of 29361?
3, 9787
What are the prime factors of 96391?
41, 2351
What are the prime factors of 120107?
13, 9239
What are the prime factors of 35392230?
2, 3, 5, 393247
What are the prime factors of 1192353?
3, 31, 12821
List the prime factors of 21392133.
3, 7, 1018673
What are the prime factors of 1005554?
2, 11, 45707
List the prime factors of 1216445.
5, 113, 2153
What are the prime factors of 429426?
2, 3, 23857
List the prime factors of 7686.
2, 3, 7, 61
What are the prime factors of 310157?
269, 1153
What are the prime factors of 242006?
2, 23, 5261
What are the prime factors of 2303190?
2, 3, 5, 157, 163
List the prime factors of 1161.
3, 43
What are the prime factors of 752600?
2, 5, 53, 71
List the prime factors of 6482704.
2, 97, 4177
List the prime factors of 235715.
5, 47143
What are the prime factors of 31770887?
31770887
List the prime factors of 31609.
73, 433
List the prime factors of 370140.
2, 3, 5, 31, 199
List the prime factors of 222057.
3, 11, 2243
List the prime factors of 4265971.
23, 185477
List the prime factors of 985717.
37, 26641
List the prime factors of 432786.
2, 3, 17, 4243
List the prime factors of 16906.
2, 79, 107
List the prime factors of 312875.
5, 2503
List the prime factors of 44580198.
2, 3, 13, 571541
List the prime factors of 5638.
2, 2819
List the prime factors of 94923.
3, 53, 199
List the prime factors of 205950.
2, 3, 5, 1373
List the prime factors of 3172827.
3, 7, 23, 6569
What are the prime factors of 1552045?
5, 11, 28219
List the prime factors of 984730.
2, 5, 98473
What are the prime factors of 888074?
2, 11, 37, 1091
What are the prime factors of 148217?
103, 1439
List the prime factors of 1499746.
2, 19, 61, 647
What are the prime factors of 173665?
5, 47, 739
List the prime factors of 109284.
2, 3, 7, 1301
What are the prime factors of 1525999?
1525999
What are the prime factors of 2896840?
2, 5, 72421
What are the prime factors of 9829721?
11, 47, 19013
What are the prime factors of 1881600?
2, 3, 5, 7
List the prime factors of 1396958.
2, 17, 181, 227
List the prime factors of 9579206.
2, 7, 13, 73, 103
List the prime factors of 2384415.
3, 5, 11, 4817
What are the prime factors of 4857613?
61, 79633
What are the prime factors of 385252?
2, 7, 13759
List the prime factors of 104250.
2, 3, 5, 139
What are the prime factors of 1123483?
1123483
List the prime factors of 3898087.
3898087
What are the prime factors of 4354481?
43, 101267
List the prime factors of 7009018.
2, 83, 42223
List the prime factors of 3178979.
59, 53881
List the prime factors of 2284913.
2284913
List the prime factors of 362084.
2, 131, 691
What are the prime factors of 1662447?
3, 17, 37, 881
List the prime factors of 340982.
2, 29, 5879
List the prime factors of 65556.
2, 3, 607
What are the prime factors of 555601?
101, 5501
What are the prime factors of 10527559?
7, 1503937
List the prime factors of 7445629.
23, 127, 2549
What are the prime factors of 516392?
2, 17, 3797
What are the prime factors of 1328170?
2, 5, 132817
What are the prime factors of 225326?
2, 112663
What are the prime factors of 1792261?
239, 7499
List the prime factors of 186055.
5, 127, 293
What are the prime factors of 194009?
19, 10211
What are the prime factors of 380894?
2, 43, 103
What are the prime factors of 471472?
2, 79, 373
What are the prime factors of 12420196?
2, 1303, 2383
What are the prime factors of 748703?
748703
List the prime factors of 23246397.
3, 37, 69809
List the prime factors of 1459074.
2, 3, 23, 97, 109
List the prime factors of 5615686.
2, 127, 22109
What are the prime factors of 283248?
2, 3, 7, 281
What are the prime factors of 4102018?
2, 563, 3643
What are the prime factors of 4051636?
2, 19, 89, 599
What are the prime factors of 6006998?
2, 3003499
What are the prime factors of 345523?
167, 2069
What are the prime factors of 318212?
2, 19, 53, 79
What are the prime factors of 6529832?
2, 127, 6427
What are the prime factors of 344089?
223, 1543
What are the prime factors of 188795?
5, 61, 619
List the prime factors of 77932.
2, 19483
List the prime factors of 80491.
80491
List the prime factors of 26205.
3, 5, 1747
List the prime factors of 225589.
7, 13, 37, 67
What are the prime factors of 511043?
13, 19, 2069
List the prime factors of 527966.
2, 263983
What are the prime factors of 1165622?
2, 17, 34283
List the prime factors of 8304434.
2, 4152217
List the prime factors of 10443608.
2, 7, 251, 743
List the prime factors of 304000.
2, 5, 19
What are the prime factors of 1172960?
2, 5, 7331
List the prime factors of 1195527.
3, 398509
What are the prime factors of 33771478?
2, 13, 271, 4793
What are the prime factors of 1183233?
3, 394411
What are the prime factors of 1250496?
2, 3, 13, 167
What are the prime factors of 436270?
2, 5, 43627
What are the prime factors of 3037369?
3037369
What are the prime factors of 4397?
4397
What are the prime factors of 155891?
155891
What are the prime factors of 243616?
2, 23, 331
What are the prime factors of 8238869?
1303, 6323
List the prime factors of 1524653.
13, 117281
What are the prime factors of 1046319?
3, 43, 8111
What are the prime factors of 20076996?
2, 3, 19, 173, 509
List the prime factors of 629094.
2, 3, 104849
What are the prime factors of 6557051?
113, 58027
What are the prime factors of 4399788?
2, 3, 127, 2887
List the prime factors of 889033.
673, 1321
List the prime factors of 147425.
5, 5897
What are the prime factors of 387312?
2, 3, 8069
What are the prime factors of 237603?
3, 79201
What are the prime factors of 1013456?
2, 97, 653
What are the prime factors of 2010517?
41, 49037
What are the prime factors of 123866?
2, 61933
What are the prime factors of 2713927?
131, 20717
List the prime factors of 1162371.
3, 7, 55351
What are the prime factors of 1818390?
2, 3, 5, 7, 1237
What are the prime factors of 707169?
3, 235723
What are the prime factors of 15162?
2, 3, 7, 19
List the prime factors of 1410086.
2, 705043
List the prime factors of 29055205.
5, 157, 37013
What are the prime factors of 126761?
126761
What are the prime factors of 738304?
2, 7, 103
List the prime factors of 825474.
2, 3, 13, 19, 557
What are the prime factors of 683536?
2, 7, 17, 359
What are the prime factors of 236379?
3, 11, 13, 19, 29
What are the prime factors of 253970?
2, 5, 109, 233
What are the prime factors of 106831?
47, 2273
What are the prime factors of 4529867?
4529867
List the prime factors of 429207.
3, 79, 1811
List the prime factors of 69755.
5, 7, 1993
List the prime factors of 231670.
2, 5, 23167
List the prime factors of 2634011.
2634011
What are the prime factors of 3722151?
3, 1240717
List the prime factors of 727879.
727879
What are the prime factors of 8535900?
2, 3, 5, 37, 769
List the prime factors of 10924710.
2, 3, 5, 17, 31, 691
List the prime factors of 1107959.
463, 2393
What are the prime factors of 147845?
5, 29569
What are the prime factors of 13760287?
1877, 7331
What are the prime factors of 265641?
3, 88547
List the prime factors of 429544.
2, 53693
What are the prime factors of 452250?
2, 3, 5, 67
What are the prime factors of 2432825?
5, 23, 4231
What are the prime factors of 2560561?
467, 5483
List the prime factors of 131395.
5, 11, 2389
What are the prim